 = 8388 - 2875. Is g composite?
True
Let o(i) = 2106*i - 5. Is o(1) a composite number?
True
Let h be 0 + (-2 - -3)*10. Let r(a) = 0*a - 2*a + 0*a**3 - 5 - a**3 + 4*a + 11*a**2. Is r(h) prime?
False
Let f be 3 + (-3)/(0 - -3). Let t(l) be the third derivative of 125*l**4/24 + l**3/6 + l**2 - 31. Is t(f) a prime number?
True
Suppose 2*o + 0*o - 3712 = 0. Let b = o - 1085. Is b a composite number?
True
Let s(v) = 93*v**3 - 3*v**2 - v - 4. Is s(3) prime?
True
Suppose -3 = 5*v + 32. Let l = v + 11. Suppose 0 = l*s + s - 1775. Is s a composite number?
True
Let d(f) be the second derivative of f**5/10 - f**4/3 + f**3/6 + 3*f**2/2 + 14*f. Is d(5) a prime number?
False
Suppose 3*i = -3*j + 112416, 0 = -5*i + j + 3*j + 187405. Is i a prime number?
False
Let p(d) be the third derivative of -1/2*d**3 + 1/2*d**4 + 0*d + 5*d**2 + 0. Is p(5) a composite number?
True
Suppose -29 = 4*a + 3*o, 3*a + o = 4*o - 6. Let w(f) = -2*f**3 - f**2 - 4*f + 4. Is w(a) prime?
False
Let i(o) = 107*o + 135. Is i(8) a prime number?
True
Suppose 0 = -10*s + 2 - 12. Is (4/22)/s + 217755/297 composite?
False
Let v = -94 - -59. Let g = 72 + v. Is g composite?
False
Suppose -57*x = -60*x + 31929. Is x prime?
False
Suppose -4*n + 6 = -2*x + n, 0 = 5*x - 2*n - 6. Suppose -3*c + 462 = -3*w, -c = -x*c - 3*w + 174. Is c composite?
True
Let i be 1/(-10) - 23283/(-130). Let k = i - 100. Is k a composite number?
False
Suppose -4 = -z - 1. Let i(r) = 97*r + 9. Let j be i(8). Suppose 2*w - j = -z*w. Is w prime?
True
Let o = -8 + 4. Let f(h) be the third derivative of -h**4/4 + h**3/3 + 6*h**2. Is f(o) a prime number?
False
Suppose -5*j - 10 = 10*i - 5*i, 5*i + 2*j = -7. Is 0/i - (-352 - 1) a composite number?
False
Suppose -7*p - 104743 = 52722. Let q be (-6)/(-21) - p/35. Let t = q - -996. Is t a composite number?
True
Let m(h) = -h**2 - 9*h - 16. Let i be m(-7). Let u(o) = -953*o - 5. Is u(i) a prime number?
True
Let m(g) = -g - 2*g**2 - g + 3 - g**3 + 5*g + g. Let v be m(-3). Suppose 3*a - a - 362 = v. Is a a composite number?
False
Suppose 2*y + 21 = 5*y. Suppose -y*s = -s. Suppose s = 4*v - 12, 0*n = n + 2*v - 299. Is n composite?
False
Is (-12)/(-10) - 55979/(-55) a prime number?
True
Let g(n) = 3*n**2 + n - 2. Suppose 4*b = p + p + 2, -b + 4*p + 18 = 0. Let h be g(b). Is -3*h/12 - -643 composite?
False
Let h be -1 + 706 + (2 - 2). Let a = -337 + h. Let z = a - 255. Is z a composite number?
False
Let g = 118 + -115. Suppose -2*d - d + g*t = -4584, 0 = d + 5*t - 1498. Is d a composite number?
False
Let b = 64767 - 27430. Is b a composite number?
False
Let d(y) = -68*y**3 - 7*y**2 - 5*y - 17. Is d(-5) composite?
True
Suppose 2*g = -3*o + 6*o + 2640, -5*o = g - 1346. Let m = g - 239. Is m a prime number?
True
Let o = -16 - -19. Suppose 6*f = o*f + 2346. Suppose 3*w = 5*y + 581, -3*w + f = 2*y + 229. Is w a composite number?
True
Let g be (4/20)/((-4)/(-20)). Let a be ((-45)/(-6))/((-3)/(-4)). Is (a/(-40))/(g/(-332)) a composite number?
False
Let r be 2/12*-4*21. Let w = r + 12. Is w*669/30*-5 prime?
True
Suppose -5*b + 43975 = 5570. Is b a prime number?
True
Let c = -160 - 646. Let z = c + 1477. Is z composite?
True
Suppose -23*q + 17083 = -39474. Is q a composite number?
False
Let n(s) = 19*s**2 + 17*s + 7. Is n(-8) composite?
False
Suppose 2*y - 3*l - 183 = -0*l, 0 = 3*y - 5*l - 277. Is y - 3*(-5)/(-15) a prime number?
True
Let n be 4/8 - (-11427)/6. Suppose 5*i - n = -0*i. Is i a prime number?
False
Let o(j) = -400*j + 99. Is o(-8) a composite number?
False
Suppose a + 4*a + f - 10690 = 0, -3*a = -f - 6414. Is a prime?
False
Suppose -2*m - 2*s + 1 = -3*m, 0 = 5*m + 3*s - 21. Suppose 5*q - 61 = -2*t - 0*q, m*q = -4*t + 157. Is t prime?
True
Suppose -2*m + 4*n + 634 = 0, m - 3*n - 346 = -30. Is m a composite number?
True
Let r(t) = t + 10. Let h be r(-8). Suppose 5*i = -5*s - 2250, -8*i + 4*i + 882 = -h*s. Let n = -304 - s. Is n a prime number?
False
Let l be 249/((-1)/4 + (-56)/(-32)). Let k = -55 + l. Is k a prime number?
False
Suppose 0 = -6*x - 35 + 53. Suppose 0 = 3*c - x*l - 4620, -8162 = -5*c + 2*l - 468. Is c prime?
False
Suppose -216 = -2*s + 6*s - 4*b, 4*s = -3*b - 216. Is (s/24 - -2)/(2/(-28856)) composite?
False
Let x(b) = b**3 - 8*b**2 + 2*b - 15. Let k(j) = j + 4. Let u be k(5). Let r be x(u). Suppose 3*q - 2*q + 94 = 4*a, 4*a - r = -4*q. Is a prime?
True
Suppose 0*y = -3*y. Suppose y*w - 753 = -w. Is w a prime number?
False
Let c be -558 - 9 - (0 - 1). Let i = c + 897. Is i a prime number?
True
Let i(l) = l**3 + 14*l**2 + 11*l - 10. Let j be i(-10). Suppose 0 = 2*s - 7*s + j. Let y = s - -291. Is y a prime number?
True
Let g be (-1394)/(-5) - 19/(-95). Suppose 4*l - g = -3*t + 1240, 0 = 2*t + 2*l - 1014. Is t prime?
True
Suppose -52 - 60 = 4*w. Is ((-889)/w)/((-1)/(-8)) a composite number?
True
Let c(q) = q**3 + 41*q**2 - 3*q - 53. Is c(-28) a prime number?
True
Let o(a) = a - 118 + 615 + 85 + 559. Let l be o(0). Suppose l = 5*m - 954. Is m composite?
False
Suppose 4*y - 8*y = -100. Is (5/(y/422))/(10/25) prime?
True
Let n = -2712 - -3934. Suppose 0 = -3*z + 2075 + n. Is z composite?
True
Is -6*(-14)/21*-1 - -28243 prime?
False
Suppose j = -5*v + 17, 3*j - 4*v + 28 = 3. Is (0 + (j - -4))*1 - -1558 composite?
False
Suppose 1 = -2*f + 7. Suppose -f*l - 218 = -4*l - 5*q, l - 248 = 5*q. Is l composite?
False
Suppose 0 = -5*n + 5*m - 3 - 12, 0 = 3*n + m - 11. Suppose n*x + 3*f = 17, 5*x + 0*x - 3*f = -10. Is 168/3 + x + 1 a prime number?
False
Let w be 7602/(-63) - 4/(-6). Let v be 4/(-10) + w/(-50). Suppose 4*t - 336 = -3*z - v*z, t + 4*z - 95 = 0. Is t a prime number?
True
Let s = 13761 - 3548. Is s a composite number?
True
Suppose -789 = -v + r, 2*v - 19*r - 1576 = -18*r. Is v a prime number?
True
Suppose -287355 = 11*n - 26*n. Is n a prime number?
True
Let n = 33 + -21. Let l = 39 + n. Is l a composite number?
True
Suppose -18361 = -373*t + 366*t. Is t a prime number?
False
Suppose 2*s - 5 - 1 = 0. Let o(b) = 4*b**2 + 19*b - 2. Let c be o(-5). Suppose -4*n + 808 = -s*y, n + c*y = -n + 386. Is n a composite number?
False
Suppose -7*g + 911 + 8476 = 0. Suppose -10*k + g = -k. Is k prime?
True
Let v(t) = -279*t**3 + 2*t**2 + 2 + 75*t - 140*t**3 - 71*t. Is v(-1) a prime number?
True
Suppose -3*a + 904 = -a. Let f = a - 153. Is f prime?
False
Suppose 5*m + 92495 = 3*p - 473339, 4*p = 4*m + 754432. Is p a composite number?
False
Let b = -27411 - -123916. Is b composite?
True
Suppose 61136 = 7*s + 15643. Is s prime?
False
Suppose 5*t = 7769 + 14361. Suppose -4*g + 738 = -t. Is g composite?
False
Let i(u) = 1210*u**2 + u - 4. Is i(-3) a prime number?
True
Suppose -b - 2*j + 6029 = 0, -2*j = -7*j - 5. Is b composite?
True
Suppose -h - 3*x = -3424, h - x = 6*h - 17092. Suppose 2*w - 3400 = h. Is w prime?
False
Let v(g) = -g**3 + 9*g**2 - 13*g + 5. Let s be v(6). Let c = s + -96. Let u = -12 - c. Is u composite?
True
Is (5/((-30)/6492))/(-2) a prime number?
True
Let c(k) be the third derivative of k**6/20 + 11*k**5/120 - k**4/6 + 3*k**2. Let f(l) be the second derivative of c(l). Is f(5) prime?
True
Suppose p = 3*d + 1646, 0*d + 5*p - 2202 = 4*d. Let s = d - -767. Is s a composite number?
True
Let m(z) = 268*z - 385. Is m(23) a composite number?
False
Let m be (-12)/18*60/2. Is 3457/5 + 8/m composite?
False
Let v(h) = -h + 1. Let l be v(-6). Let u(x) = x**2 - x - 11. Is u(l) a prime number?
True
Suppose 4*v - 62423 = -4*o + 10009, 0 = o + 5. Is v composite?
True
Let m(t) = 25*t + 119. Is m(8) prime?
False
Suppose 3*q - 2*a = 2225, -2*a - 1495 = -2*q - 3*a. Suppose q = -5*t + 10*t. Is t prime?
True
Let i(z) = z + 4. Let o be (-3*(-6)/(-9))/1. Let f be i(o). Suppose 15 = -f*u + 4*x + 85, 0 = 2*x. Is u a composite number?
True
Let a(t) = 117*t + 4. Suppose -3*w - w = -3*j - 40, 0 = -2*w + j + 18. Suppose y = g - 3, -2 - w = -3*g - y. Is a(g) prime?
False
Suppose 0 = 2*h - 11*h + 108. Suppose -h*z = -2*z - 43150. Is z a composite number?
True
Suppose 3*s - 9 = 0, -3*n + 1476 = 2*s - 1467. Is n a composite number?
True
Let v(m) be the third derivative of m**6/120 + m**5/5 - 2*m**4/3 + 8*m**3/3 + 7*m**2. Is v(7) a composite number?
True
Is 2861660/276 - 2/(-3) a composite number?
False
Suppose 5 - 11 = u. Let v(s) = -s**2 - 11*s + 1. Is v(u) composite?
False
Suppose -5*a + 14 = g, 0 =